(h)?
True
Let s(o) = 3*o - 14. Let u be s(6). Suppose 184 = u*m + 16. Is 21 a factor of m?
True
Suppose -1 - 6 = -4*z - g, z = -3*g - 1. Let v = -287 - -279. Is 7 a factor of 21*z/v*-4?
True
Suppose -16 - 9 = -5*g. Suppose 5*v - 3*u - 131 = 0, -g*u - 45 = 4*v - 172. Is 9 a factor of v?
False
Let z(g) = -g**2 + 12*g + 4. Suppose 6*a - 4*a = 24. Let b be z(a). Does 10 divide 2 + 16/(8/b)?
True
Let y(l) = -13*l - 4. Let f(p) = 38*p + 13. Let d(u) = -6*f(u) - 17*y(u). Let v be d(-4). Suppose 0 = 76*o - 75*o - v. Is o a multiple of 4?
False
Let u = 2093 - 2034. Is u even?
False
Does 4 divide (1/(-5))/((-60)/77100)?
False
Suppose 4*p - 481 = 83. Let j = 2 + p. Does 29 divide j?
False
Suppose -2*p = -5*f - 30, 4*p - 35 - 3 = -f. Does 10 divide p?
True
Let c(d) = -8*d - 23. Let w be c(-6). Does 9 divide (-70)/4*(3 + (-135)/w)?
False
Is (-2283)/(-2) - (232/(-16) - -16) a multiple of 12?
True
Let j = -9 + 9. Suppose j = -3*s - 2*s + 15. Is 11/(2 - (-2 + s)) a multiple of 11?
True
Let h = 14 - 10. Suppose 200 = j + h*j. Is 13 a factor of j?
False
Let c = 3 + 0. Suppose -c*y - 15 = 0, -3*w + 2*w = 4*y + 12. Is 8 a factor of w?
True
Is (-3176)/((4/2)/(-11 - -10)) a multiple of 35?
False
Let h = -429 - -198. Let q = 327 + h. Is 16 a factor of q?
True
Let u(p) = 4*p**3 - 7*p**2 + 9*p + 3. Is u(4) a multiple of 39?
False
Let x = -3 - -5. Suppose -x*o - 17 = -a, 0 = -0*o - 2*o - 2. Does 9 divide a?
False
Let a be 94/20*2*10. Let t = a + 12. Is t a multiple of 20?
False
Let r(m) = -26*m. Let o(x) = -x**3 + 2*x + 1. Let b be o(2). Is r(b) a multiple of 26?
True
Let i = 2 + 2. Suppose i = -f + 3. Is 980/30 + f/(-3) a multiple of 11?
True
Suppose 3*p - 1 = b, 3*p - 5 = -0*b + 5*b. Suppose 4*n - 83 = -5*s, -2*s + 4*n = -p*s - 22. Does 3 divide s?
True
Is 14 a factor of (10434/(-36))/((-6)/36)?
False
Is 6 a factor of (-27)/((-7)/((-56)/(-6)))?
True
Let d(s) = 1372*s - 2. Let z be d(1). Suppose 16*c - z = 6*c. Is 23 a factor of c?
False
Is (-60438)/(-140) + 6/20 a multiple of 36?
True
Let p(z) = 52*z - 38. Let w be -2*(16 + -4)/(-4). Does 16 divide p(w)?
False
Let d(q) = -q**2 - 9*q - 8. Let u(o) = 3*o**2 + 27*o + 23. Let n(b) = 17*d(b) + 6*u(b). Does 22 divide n(-12)?
False
Let w be (102/85)/(2/240). Suppose w = -4*a + 8*a. Does 9 divide a?
True
Let y(z) = z + 7. Let q be y(0). Let b(f) = 3*f + f**2 + 5*f**2 - 3*f**2 - q. Is b(-5) a multiple of 14?
False
Let k(n) = n**3 - 6*n**2 - 3*n + 8. Let m be k(7). Suppose -41 = -2*c - 141. Does 10 divide (m/15)/((-3)/c)?
True
Let v(n) be the second derivative of n**4/6 - n**3/3 + 13*n**2 + 23*n. Is 11 a factor of v(7)?
True
Let t = 1 + 3. Suppose n = t*u - 261, 2*u - 158 + 14 = -4*n. Is 6 a factor of u?
True
Let z = -256 - -254. Let v(m) = -21*m + 1 + 0 + 0. Is 14 a factor of v(z)?
False
Let w(i) = i**3 - 8*i**2 - 33*i + 60. Is w(19) a multiple of 11?
False
Suppose -p - 3 = -4*j - 2*p, -3*p = 4*j - 1. Let r(k) = 59*k**3 + k - 2. Is r(j) a multiple of 22?
False
Suppose -4*u = 5*c + 303, 74 = 2*c - u + 190. Let m = c - -71. Is 6 a factor of m?
True
Let f = 10 + -2. Let k = 223 - 217. Is 4 a factor of 21/2*f/k?
False
Let y be (-3)/(-12) + 23/4. Suppose 3*p - y = -0*p. Is 174/3*1/p a multiple of 13?
False
Let k be -1 - (-4 - -6)*-2. Suppose 0 = -2*u + k*s + 110, u - 33 - 22 = s. Is 11 a factor of u?
True
Let o = 92 - -8. Does 25 divide o?
True
Let r be (77/28)/(2/(-8)). Let v = r + 14. Suppose -v*j + 31 = 4*l, 3*l - 39 = -j + 4*j. Does 3 divide l?
False
Let a = 27 + -33. Is 18 a factor of a/18 + (-542)/(-6)?
True
Suppose 3*u - 6*u = a - 8, -5 = -2*u - a. Suppose 0*p - 4*p + 18 = 3*v, 4*v + 4 = 4*p. Suppose -t - 18 = -v*s, 24 = u*s + 3*t - 6*t. Is 8 a factor of s?
False
Suppose -6*a + 2798 - 392 = 0. Is 53 a factor of a?
False
Suppose 0 = 120*i - 87*i - 34584. Is 4 a factor of i?
True
Suppose 5*y + o - 424 = 4*o, 3*y - o = 252. Does 2 divide y?
False
Let a(r) = r + 5. Suppose -10 = -4*y + 3*y. Is a(y) a multiple of 5?
True
Let o(i) = 12*i - 32. Suppose 0 = 4*f + 7*h - 3*h - 60, -10 = -2*f + 2*h. Is o(f) a multiple of 44?
True
Suppose -10*n + 13*n = 1674. Does 31 divide n?
True
Let y = -7 - -10. Suppose 446 = 5*a - y*j, -2*a + 6*j + 170 = 2*j. Does 11 divide a?
False
Let l(g) = 393*g + 5. Is 22 a factor of l(2)?
False
Let c(i) be the second derivative of i**5/20 - 2*i**4/3 + 4*i**2 + 2*i. Suppose 0*x - 2*x + 16 = 0. Is 2 a factor of c(x)?
True
Suppose 2*y - 2*y = 3*y. Suppose t + 2*t - q - 21 = y, -5*q - 9 = t. Is t a multiple of 6?
True
Let q(j) = j**2 - 3*j - 2. Let l be q(3). Let m(f) = 4*f - 21*f - 1 - 5 + 3. Is 9 a factor of m(l)?
False
Let l = 10 - 11. Is (85/(-10))/(l/2) even?
False
Let p(s) = 2*s + 10. Suppose 3*w - 5 = 4*w. Let j be p(w). Suppose q + 2*h + h - 31 = j, -4*q = 3*h - 88. Does 7 divide q?
False
Let t(y) = -5*y**2 - 3. Let j(z) = -4*z**2 - 3. Let o be 1/(2 + 44/(-20)). Let f(u) = o*t(u) + 6*j(u). Is 3 a factor of f(-3)?
True
Let s(r) be the third derivative of r**5/20 + r**4/12 - r**3/3 - 3*r**2. Is s(4) a multiple of 9?
True
Is 15 a factor of (744/(-14))/((-4)/70)?
True
Suppose -8*s - 9 = -41. Suppose -5*q + s = -406. Is q a multiple of 10?
False
Let a = -1389 - -2401. Does 73 divide a?
False
Let r = -1 + 5. Suppose 0 = r*w - 20 + 4. Is 21 a factor of w/(-5*2/(-105))?
True
Suppose 4*p - 1029 - 2419 = 0. Is 23 a factor of p?
False
Let d(o) be the second derivative of 2*o + 0 + 1/2*o**2 + 8*o**3. Does 28 divide d(1)?
False
Suppose -6*g - 27 - 21 = 0. Let j be 62 + (g - -3 - -3). Let i = j + -30. Does 10 divide i?
True
Let d(r) = 2*r - 9. Let m(o) = -2*o + 14. Let y(l) = 2*l - 13. Let g(t) = 4*m(t) + 5*y(t). Let w(x) = 5*d(x) - 4*g(x). Does 2 divide w(7)?
False
Is 11 a factor of -107*(27/(-4))/9*4?
False
Suppose -17*m + 39 = -14*m. Suppose 18*s - 1460 = m*s. Is s a multiple of 19?
False
Let a(d) = d**2 + 9. Let j be a(0). Let u = 1 + j. Suppose 3*b = 5*b - u. Is b a multiple of 2?
False
Let h(f) = -4*f**2 + 13*f**3 - 1 - 14*f**3 + 5*f**2. Let b be h(-1). Suppose 6*k + b = 85. Is k a multiple of 14?
True
Is 1335/25 - ((-16)/(-20))/2 a multiple of 53?
True
Suppose 2*k + 52 = -5*l + 321, k + 157 = 3*l. Suppose -49 = -v - a + 7, -2*a = -v + l. Is v a multiple of 11?
True
Suppose 47*j - 51*j + 868 = 0. Suppose 5*n = 4*y + 944, -y - j = -5*n + 739. Is 7 a factor of n?
False
Let v be -4 + 8 + (-3)/1. Let c(k) = k**2 - 5*k - 11. Let g be c(8). Let z = g - v. Is 8 a factor of z?
False
Let d(g) = g**3 + 12*g**2 + 9*g - 17. Let h be d(-12). Let l = 241 + h. Is 24 a factor of l?
False
Let c(h) = -5 - 2 + 2*h - 8*h + 2. Is c(-9) a multiple of 11?
False
Let u = 4099 + -272. Is u a multiple of 93?
False
Suppose 4*b + 1316 = -16*o + 20*o, 3*b = -5*o + 1653. Does 15 divide o?
True
Suppose f = -4*c - 37, f + c = 3*f + 101. Let g = 57 + f. Does 2 divide g?
True
Let h(c) = 2*c - 6. Let p be h(4). Let w be (2/p)/(25/100). Let o = 19 - w. Is o a multiple of 3?
True
Let i be (-3777)/(-15) - (-7)/35. Suppose 4*u + i = 4*d, 4*u = 2*d - 0*u - 136. Does 18 divide d?
False
Suppose i - 5*k = 72, -3*i + 88 = 2*k - 111. Does 2 divide i?
False
Let g be 98 - ((-2 - -1) + 3). Suppose k - g = -12. Is 13 a factor of k?
False
Does 17 divide (16 - -2)/3 + 650?
False
Suppose -2*b + 100 = 3*b. Suppose -12*h = -2*h - 340. Let c = h - b. Does 8 divide c?
False
Suppose -8*i + 3*i + 4*w + 46 = 0, 6 = -i - 3*w. Does 5 divide 30/i*(-2 - -3)?
True
Let j be 18/(2 + (-10)/6). Let r(v) = 33*v**2 - 4*v - 2. Let h be r(-2). Let n = h - j. Does 22 divide n?
False
Does 96 divide (43/4)/(99/12672)?
False
Let a(d) = 243*d + 6. Suppose -9 = 3*x, -6*k + 3*k - x = 0. Is 35 a factor of a(k)?
False
Let j(y) = -y**3 - 3*y**2 + 3*y + 3. Let s be j(0). Let g(b) = -b**3 + 8*b**2 - 4*b + 8. Let p be g(6). Suppose -2*t = -s*t + p. Does 11 divide t?
False
Let n = 1496 - 1161. Is 3 a factor of n?
False
Is 7 a factor of (245/(-84))/((-5)/160)*3?
True
Suppose 0 = 5*u - 13 - 27. Suppose 0 = 4*o + 5*y - u - 152, 191 = 5*o + 4*y. Suppose m - 42 = -3*f, -4*f - 3*m = -2*f - o. Is 13 a factor of f?
True
Suppose 3*a - 7 = 8. Suppose 4*c = 13 - a. Suppose 3*f + 4*b = 94, 3*f + c*b - 70 = 4*b. Is f a multiple of 13?
True
Suppose -47 = 5*o + 2*n, -o + 9*n - 8*n - 15 = 0. Let b(g) = 2 + 0*g**3 + g**3 + 12*g**2 + 0 + 10*g. Does 5 divide b(o)?
False
Suppose 0 = -8*r + 13*r - 65. Let k = r -